{"id":1000353,"date":"2026-04-17T14:21:47","date_gmt":"2026-04-17T14:21:47","guid":{"rendered":"https:\/\/charming-moore.87-106-247-125.plesk.page\/index.php\/produit\/grande-peluche-zoe\/"},"modified":"2026-05-06T08:26:44","modified_gmt":"2026-05-06T08:26:44","slug":"grande-peluche-zoe","status":"publish","type":"product","link":"https:\/\/charming-moore.87-106-247-125.plesk.page\/index.php\/produit\/grande-peluche-zoe\/","title":{"rendered":"Grande Peluche Zo\u00e9"},"content":{"rendered":"<p data-start=\"87\" data-end=\"352\">D\u00e9couvrez la <strong>grande peluche Zo\u00e9<\/strong>, une <strong data-start=\"128\" data-end=\"159\">peluche douce et rassurante<\/strong> qui fera fondre petits et grands. Avec sa <strong data-start=\"202\" data-end=\"224\">bouille attachante<\/strong>, sa <strong data-start=\"229\" data-end=\"244\">forme ronde<\/strong> et g\u00e9n\u00e9reuse. Cette adorable <strong data-start=\"274\" data-end=\"297\">peluche hippopotame<\/strong> inspire imm\u00e9diatement <strong data-start=\"320\" data-end=\"333\">confiance<\/strong> et <strong data-start=\"337\" data-end=\"350\">tendresse<\/strong>.<\/p>\n<p data-start=\"354\" data-end=\"738\">Con\u00e7ue dans des <strong data-start=\"370\" data-end=\"395\">mati\u00e8res ultra douces<\/strong>, ZOE est parfaite pour les moments de <strong data-start=\"434\" data-end=\"444\">c\u00e2lins<\/strong>. Son <strong data-start=\"502\" data-end=\"531\">tissu agr\u00e9able au toucher<\/strong> procure une sensation d\u2019apaisement id\u00e9ale d\u00e8s les premiers jours. Ses <strong data-start=\"602\" data-end=\"620\">couleurs vives<\/strong> et son <strong data-start=\"628\" data-end=\"655\">imprim\u00e9 v\u00e9g\u00e9tal moderne<\/strong> apportent une touche de <strong data-start=\"680\" data-end=\"692\">vitalit\u00e9<\/strong> et d\u2019originalit\u00e9.<\/p>\n<p data-start=\"740\" data-end=\"918\">Ce <strong data-start=\"743\" data-end=\"757\">doudou XXL<\/strong> est \u00e0 la fois <strong data-start=\"772\" data-end=\"782\">souple<\/strong>, <strong data-start=\"784\" data-end=\"793\">l\u00e9ger<\/strong> et facile \u00e0 manipuler, ce qui en fait un <strong data-start=\"835\" data-end=\"866\">cadeau de naissance parfait<\/strong> ou une belle id\u00e9e pour une <strong data-start=\"894\" data-end=\"916\">liste de naissance<\/strong>.<\/p>\n<p data-start=\"920\" data-end=\"1051\">Facile d\u2019entretien, cette <strong data-start=\"946\" data-end=\"965\">peluche lavable<\/strong> passe en machine \u00e0 <strong data-start=\"985\" data-end=\"993\">30\u00b0C<\/strong> et peut \u00eatre s\u00e9ch\u00e9e \u00e0 l\u2019air libre ou en <strong data-start=\"1034\" data-end=\"1050\">s\u00e9chage doux<\/strong>.<\/p>\n<p data-start=\"1053\" data-end=\"1180\" data-is-last-node=\"\" data-is-only-node=\"\">Adoptez ZOE, la <strong data-start=\"1069\" data-end=\"1099\">peluche g\u00e9ante hippopotame<\/strong>, pour offrir <strong data-start=\"1113\" data-end=\"1124\">douceur<\/strong>, <strong data-start=\"1126\" data-end=\"1139\">r\u00e9confort<\/strong> et une pr\u00e9sence rassurante au quotidien.<\/p>\n","protected":false},"excerpt":{"rendered":"<p><strong data-start=\"0\" data-end=\"25\" data-is-only-node=\"\">ZOE l\u2019hippopotame XXL<\/strong> est une <strong data-start=\"34\" data-end=\"64\">peluche douce et apaisante<\/strong>, parfaite d\u00e8s la naissance. Gr\u00e2ce \u00e0 sa <strong data-start=\"104\" data-end=\"127\">mati\u00e8re ultra douce<\/strong> et sa <strong data-start=\"134\" data-end=\"154\">silhouette ronde<\/strong>, elle accompagne b\u00e9b\u00e9 dans tous ses moments de <strong data-start=\"202\" data-end=\"212\">c\u00e2lins<\/strong>.<br data-start=\"213\" data-end=\"216\" \/>Ses <strong data-start=\"220\" data-end=\"243\">couleurs lumineuses<\/strong> et son <strong data-start=\"251\" data-end=\"268\">motif v\u00e9g\u00e9tal<\/strong> apportent une touche chaleureuse \u00e0 la <strong data-start=\"307\" data-end=\"327\">chambre d\u2019enfant<\/strong>.Facile d\u2019entretien, elle est <strong data-start=\"360\" data-end=\"378\">lavable \u00e0 30\u00b0C<\/strong>, avec un <strong data-start=\"388\" data-end=\"430\">s\u00e9chage naturel ou \u00e0 basse temp\u00e9rature<\/strong>. C&rsquo;est un <strong data-start=\"463\" data-end=\"492\">cadeau de naissance id\u00e9al<\/strong>.<\/p>\n","protected":false},"featured_media":1000548,"comment_status":"open","ping_status":"closed","template":"","meta":[],"product_brand":[],"product_cat":[82],"product_tag":[],"class_list":{"0":"post-1000353","1":"product","2":"type-product","3":"status-publish","4":"has-post-thumbnail","6":"product_cat-bazille-et-zoe-lhippopotame","8":"first","9":"instock","10":"sale","11":"shipping-taxable","12":"purchasable","13":"product-type-simple"},"yoast_head":"<!-- This site is optimized with the Yoast SEO plugin v27.6 - https:\/\/yoast.com\/product\/yoast-seo-wordpress\/ -->\n<title>Grande Peluche Zo\u00e9 - Babynat<\/title>\n<meta name=\"description\" content=\"Offrez ZOE l\u2019hippopotame XXL, une peluche douce et rassurante d\u00e8s la naissance. Une compagne id\u00e9ale pour les c\u00e2lins et la d\u00e9coration de chambre b\u00e9b\u00e9.\" \/>\n<meta name=\"robots\" content=\"index, follow, max-snippet:-1, max-image-preview:large, max-video-preview:-1\" \/>\n<link rel=\"canonical\" href=\"https:\/\/charming-moore.87-106-247-125.plesk.page\/index.php\/produit\/grande-peluche-zoe\/\" \/>\n<meta property=\"og:locale\" content=\"fr_FR\" \/>\n<meta property=\"og:type\" content=\"article\" \/>\n<meta property=\"og:title\" content=\"Grande Peluche Zo\u00e9 - Babynat\" \/>\n<meta property=\"og:description\" content=\"Offrez ZOE l\u2019hippopotame XXL, une peluche douce et rassurante d\u00e8s la naissance. Une compagne id\u00e9ale pour les c\u00e2lins et la d\u00e9coration de chambre b\u00e9b\u00e9.\" \/>\n<meta property=\"og:url\" content=\"https:\/\/charming-moore.87-106-247-125.plesk.page\/index.php\/produit\/grande-peluche-zoe\/\" \/>\n<meta property=\"og:site_name\" content=\"Babynat\" \/>\n<meta property=\"article:modified_time\" content=\"2026-05-06T08:26:44+00:00\" \/>\n<meta property=\"og:image\" content=\"https:\/\/charming-moore.87-106-247-125.plesk.page\/wp-content\/uploads\/2026\/04\/BN0759-1.jpg\" \/>\n\t<meta property=\"og:image:width\" content=\"1350\" \/>\n\t<meta property=\"og:image:height\" content=\"1350\" \/>\n\t<meta property=\"og:image:type\" content=\"image\/jpeg\" \/>\n<meta name=\"twitter:card\" content=\"summary_large_image\" \/>\n<meta name=\"twitter:label1\" content=\"Dur\u00e9e de lecture estim\u00e9e\" \/>\n\t<meta name=\"twitter:data1\" content=\"1 minute\" \/>\n<script type=\"application\/ld+json\" class=\"yoast-schema-graph\">{\"@context\":\"https:\\\/\\\/schema.org\",\"@graph\":[{\"@type\":\"WebPage\",\"@id\":\"https:\\\/\\\/charming-moore.87-106-247-125.plesk.page\\\/index.php\\\/produit\\\/grande-peluche-zoe\\\/\",\"url\":\"https:\\\/\\\/charming-moore.87-106-247-125.plesk.page\\\/index.php\\\/produit\\\/grande-peluche-zoe\\\/\",\"name\":\"Grande Peluche Zo\u00e9 - Babynat\",\"isPartOf\":{\"@id\":\"https:\\\/\\\/charming-moore.87-106-247-125.plesk.page\\\/#website\"},\"primaryImageOfPage\":{\"@id\":\"https:\\\/\\\/charming-moore.87-106-247-125.plesk.page\\\/index.php\\\/produit\\\/grande-peluche-zoe\\\/#primaryimage\"},\"image\":{\"@id\":\"https:\\\/\\\/charming-moore.87-106-247-125.plesk.page\\\/index.php\\\/produit\\\/grande-peluche-zoe\\\/#primaryimage\"},\"thumbnailUrl\":\"https:\\\/\\\/charming-moore.87-106-247-125.plesk.page\\\/wp-content\\\/uploads\\\/2026\\\/04\\\/BN0759-1.jpg\",\"datePublished\":\"2026-04-17T14:21:47+00:00\",\"dateModified\":\"2026-05-06T08:26:44+00:00\",\"description\":\"Offrez ZOE l\u2019hippopotame XXL, une peluche douce et rassurante d\u00e8s la naissance. Une compagne id\u00e9ale pour les c\u00e2lins et la d\u00e9coration de chambre b\u00e9b\u00e9.\",\"breadcrumb\":{\"@id\":\"https:\\\/\\\/charming-moore.87-106-247-125.plesk.page\\\/index.php\\\/produit\\\/grande-peluche-zoe\\\/#breadcrumb\"},\"inLanguage\":\"fr-FR\",\"potentialAction\":[{\"@type\":\"ReadAction\",\"target\":[\"https:\\\/\\\/charming-moore.87-106-247-125.plesk.page\\\/index.php\\\/produit\\\/grande-peluche-zoe\\\/\"]}]},{\"@type\":\"ImageObject\",\"inLanguage\":\"fr-FR\",\"@id\":\"https:\\\/\\\/charming-moore.87-106-247-125.plesk.page\\\/index.php\\\/produit\\\/grande-peluche-zoe\\\/#primaryimage\",\"url\":\"https:\\\/\\\/charming-moore.87-106-247-125.plesk.page\\\/wp-content\\\/uploads\\\/2026\\\/04\\\/BN0759-1.jpg\",\"contentUrl\":\"https:\\\/\\\/charming-moore.87-106-247-125.plesk.page\\\/wp-content\\\/uploads\\\/2026\\\/04\\\/BN0759-1.jpg\",\"width\":1350,\"height\":1350,\"caption\":\"Grande Peluche Zo\u00e9\"},{\"@type\":\"BreadcrumbList\",\"@id\":\"https:\\\/\\\/charming-moore.87-106-247-125.plesk.page\\\/index.php\\\/produit\\\/grande-peluche-zoe\\\/#breadcrumb\",\"itemListElement\":[{\"@type\":\"ListItem\",\"position\":1,\"name\":\"Accueil\",\"item\":\"https:\\\/\\\/charming-moore.87-106-247-125.plesk.page\\\/\"},{\"@type\":\"ListItem\",\"position\":2,\"name\":\"Boutique\",\"item\":\"https:\\\/\\\/charming-moore.87-106-247-125.plesk.page\\\/index.php\\\/boutique\\\/\"},{\"@type\":\"ListItem\",\"position\":3,\"name\":\"Grande Peluche Zo\u00e9\"}]},{\"@type\":\"WebSite\",\"@id\":\"https:\\\/\\\/charming-moore.87-106-247-125.plesk.page\\\/#website\",\"url\":\"https:\\\/\\\/charming-moore.87-106-247-125.plesk.page\\\/\",\"name\":\"Babynat\",\"description\":\"\",\"potentialAction\":[{\"@type\":\"SearchAction\",\"target\":{\"@type\":\"EntryPoint\",\"urlTemplate\":\"https:\\\/\\\/charming-moore.87-106-247-125.plesk.page\\\/?s={search_term_string}\"},\"query-input\":{\"@type\":\"PropertyValueSpecification\",\"valueRequired\":true,\"valueName\":\"search_term_string\"}}],\"inLanguage\":\"fr-FR\"}]}<\/script>\n<!-- \/ Yoast SEO plugin. -->","yoast_head_json":{"title":"Grande Peluche Zo\u00e9 - Babynat","description":"Offrez ZOE l\u2019hippopotame XXL, une peluche douce et rassurante d\u00e8s la naissance. Une compagne id\u00e9ale pour les c\u00e2lins et la d\u00e9coration de chambre b\u00e9b\u00e9.","robots":{"index":"index","follow":"follow","max-snippet":"max-snippet:-1","max-image-preview":"max-image-preview:large","max-video-preview":"max-video-preview:-1"},"canonical":"https:\/\/charming-moore.87-106-247-125.plesk.page\/index.php\/produit\/grande-peluche-zoe\/","og_locale":"fr_FR","og_type":"article","og_title":"Grande Peluche Zo\u00e9 - Babynat","og_description":"Offrez ZOE l\u2019hippopotame XXL, une peluche douce et rassurante d\u00e8s la naissance. Une compagne id\u00e9ale pour les c\u00e2lins et la d\u00e9coration de chambre b\u00e9b\u00e9.","og_url":"https:\/\/charming-moore.87-106-247-125.plesk.page\/index.php\/produit\/grande-peluche-zoe\/","og_site_name":"Babynat","article_modified_time":"2026-05-06T08:26:44+00:00","og_image":[{"width":1350,"height":1350,"url":"https:\/\/charming-moore.87-106-247-125.plesk.page\/wp-content\/uploads\/2026\/04\/BN0759-1.jpg","type":"image\/jpeg"}],"twitter_card":"summary_large_image","twitter_misc":{"Dur\u00e9e de lecture estim\u00e9e":"1 minute"},"schema":{"@context":"https:\/\/schema.org","@graph":[{"@type":"WebPage","@id":"https:\/\/charming-moore.87-106-247-125.plesk.page\/index.php\/produit\/grande-peluche-zoe\/","url":"https:\/\/charming-moore.87-106-247-125.plesk.page\/index.php\/produit\/grande-peluche-zoe\/","name":"Grande Peluche Zo\u00e9 - Babynat","isPartOf":{"@id":"https:\/\/charming-moore.87-106-247-125.plesk.page\/#website"},"primaryImageOfPage":{"@id":"https:\/\/charming-moore.87-106-247-125.plesk.page\/index.php\/produit\/grande-peluche-zoe\/#primaryimage"},"image":{"@id":"https:\/\/charming-moore.87-106-247-125.plesk.page\/index.php\/produit\/grande-peluche-zoe\/#primaryimage"},"thumbnailUrl":"https:\/\/charming-moore.87-106-247-125.plesk.page\/wp-content\/uploads\/2026\/04\/BN0759-1.jpg","datePublished":"2026-04-17T14:21:47+00:00","dateModified":"2026-05-06T08:26:44+00:00","description":"Offrez ZOE l\u2019hippopotame XXL, une peluche douce et rassurante d\u00e8s la naissance. Une compagne id\u00e9ale pour les c\u00e2lins et la d\u00e9coration de chambre b\u00e9b\u00e9.","breadcrumb":{"@id":"https:\/\/charming-moore.87-106-247-125.plesk.page\/index.php\/produit\/grande-peluche-zoe\/#breadcrumb"},"inLanguage":"fr-FR","potentialAction":[{"@type":"ReadAction","target":["https:\/\/charming-moore.87-106-247-125.plesk.page\/index.php\/produit\/grande-peluche-zoe\/"]}]},{"@type":"ImageObject","inLanguage":"fr-FR","@id":"https:\/\/charming-moore.87-106-247-125.plesk.page\/index.php\/produit\/grande-peluche-zoe\/#primaryimage","url":"https:\/\/charming-moore.87-106-247-125.plesk.page\/wp-content\/uploads\/2026\/04\/BN0759-1.jpg","contentUrl":"https:\/\/charming-moore.87-106-247-125.plesk.page\/wp-content\/uploads\/2026\/04\/BN0759-1.jpg","width":1350,"height":1350,"caption":"Grande Peluche Zo\u00e9"},{"@type":"BreadcrumbList","@id":"https:\/\/charming-moore.87-106-247-125.plesk.page\/index.php\/produit\/grande-peluche-zoe\/#breadcrumb","itemListElement":[{"@type":"ListItem","position":1,"name":"Accueil","item":"https:\/\/charming-moore.87-106-247-125.plesk.page\/"},{"@type":"ListItem","position":2,"name":"Boutique","item":"https:\/\/charming-moore.87-106-247-125.plesk.page\/index.php\/boutique\/"},{"@type":"ListItem","position":3,"name":"Grande Peluche Zo\u00e9"}]},{"@type":"WebSite","@id":"https:\/\/charming-moore.87-106-247-125.plesk.page\/#website","url":"https:\/\/charming-moore.87-106-247-125.plesk.page\/","name":"Babynat","description":"","potentialAction":[{"@type":"SearchAction","target":{"@type":"EntryPoint","urlTemplate":"https:\/\/charming-moore.87-106-247-125.plesk.page\/?s={search_term_string}"},"query-input":{"@type":"PropertyValueSpecification","valueRequired":true,"valueName":"search_term_string"}}],"inLanguage":"fr-FR"}]}},"_links":{"self":[{"href":"https:\/\/charming-moore.87-106-247-125.plesk.page\/index.php\/wp-json\/wp\/v2\/product\/1000353","targetHints":{"allow":["GET"]}}],"collection":[{"href":"https:\/\/charming-moore.87-106-247-125.plesk.page\/index.php\/wp-json\/wp\/v2\/product"}],"about":[{"href":"https:\/\/charming-moore.87-106-247-125.plesk.page\/index.php\/wp-json\/wp\/v2\/types\/product"}],"replies":[{"embeddable":true,"href":"https:\/\/charming-moore.87-106-247-125.plesk.page\/index.php\/wp-json\/wp\/v2\/comments?post=1000353"}],"wp:featuredmedia":[{"embeddable":true,"href":"https:\/\/charming-moore.87-106-247-125.plesk.page\/index.php\/wp-json\/wp\/v2\/media\/1000548"}],"wp:attachment":[{"href":"https:\/\/charming-moore.87-106-247-125.plesk.page\/index.php\/wp-json\/wp\/v2\/media?parent=1000353"}],"wp:term":[{"taxonomy":"product_brand","embeddable":true,"href":"https:\/\/charming-moore.87-106-247-125.plesk.page\/index.php\/wp-json\/wp\/v2\/product_brand?post=1000353"},{"taxonomy":"product_cat","embeddable":true,"href":"https:\/\/charming-moore.87-106-247-125.plesk.page\/index.php\/wp-json\/wp\/v2\/product_cat?post=1000353"},{"taxonomy":"product_tag","embeddable":true,"href":"https:\/\/charming-moore.87-106-247-125.plesk.page\/index.php\/wp-json\/wp\/v2\/product_tag?post=1000353"}],"curies":[{"name":"wp","href":"https:\/\/api.w.org\/{rel}","templated":true}]}}