{"id":1000362,"date":"2026-04-17T14:21:47","date_gmt":"2026-04-17T14:21:47","guid":{"rendered":"https:\/\/charming-moore.87-106-247-125.plesk.page\/index.php\/produit\/veilleuse-zoe-2\/"},"modified":"2026-05-05T08:45:41","modified_gmt":"2026-05-05T08:45:41","slug":"veilleuse-zoe-2","status":"publish","type":"product","link":"https:\/\/charming-moore.87-106-247-125.plesk.page\/index.php\/produit\/veilleuse-zoe-2\/","title":{"rendered":"Veilleuse Zo\u00e9"},"content":{"rendered":"<p data-start=\"0\" data-end=\"321\">D\u00e9couvrez la <strong data-start=\"13\" data-end=\"35\">veilleuse b\u00e9b\u00e9 Zo\u00e9<\/strong>, un adorable <strong data-start=\"49\" data-end=\"68\">doudou lumineux<\/strong> pens\u00e9 pour accompagner votre enfant vers un <strong data-start=\"113\" data-end=\"133\">sommeil paisible<\/strong> et rassurant. \u00c0 la fois <strong data-start=\"158\" data-end=\"180\">veilleuse musicale<\/strong>, <strong data-start=\"182\" data-end=\"202\">projecteur mural<\/strong> et <strong data-start=\"206\" data-end=\"225\">bo\u00eete \u00e0 musique<\/strong>, elle cr\u00e9e une atmosph\u00e8re douce et apaisante, id\u00e9ale pour les tout-petits d\u00e8s la <strong data-start=\"307\" data-end=\"320\">naissance<\/strong>.<\/p>\n<p data-start=\"323\" data-end=\"666\">Gr\u00e2ce \u00e0 ses nombreuses fonctions, Zo\u00e9 propose une exp\u00e9rience compl\u00e8te pour le <strong data-start=\"401\" data-end=\"422\">rituel du coucher<\/strong>. Elle diffuse <strong data-start=\"447\" data-end=\"469\">10 m\u00e9lodies douces<\/strong> ainsi que <strong data-start=\"480\" data-end=\"499\">5 bruits blancs<\/strong>, sp\u00e9cialement con\u00e7us pour calmer et d\u00e9tendre b\u00e9b\u00e9. De plus, ses <strong data-start=\"564\" data-end=\"589\">7 couleurs de lumi\u00e8re<\/strong> permettent de cr\u00e9er une ambiance personnalis\u00e9e et relaxante dans la chambre.<\/p>\n<p data-start=\"668\" data-end=\"914\">Ses <strong data-start=\"686\" data-end=\"723\">projections lumineuses au plafond<\/strong> apportent une touche magique et f\u00e9erique au moment du coucher. Ainsi, b\u00e9b\u00e9 peut s\u2019endormir en douceur en observant des images lumineuses apaisantes, favorisant un endormissement plus serein.<\/p>\n<p data-start=\"916\" data-end=\"1169\">Pratique au quotidien, la veilleuse Zo\u00e9 est \u00e9quip\u00e9e d\u2019un <strong data-start=\"973\" data-end=\"993\">bo\u00eetier amovible<\/strong>, ce qui facilite le changement des piles.<strong data-start=\"1048\" data-end=\"1088\"> Le doudou est lavable en machine \u00e0 30\u00b0C pour un entretien facile au quotidien .<\/strong><\/p>\n<p data-start=\"1171\" data-end=\"1392\">Gr\u00e2ce \u00e0 son design tendre et rassurant, cette <strong data-start=\"1217\" data-end=\"1240\">veilleuse pour b\u00e9b\u00e9<\/strong> s\u2019int\u00e8gre facilement dans la chambre de votre enfant. Elle devient rapidement un rep\u00e8re essentiel pour l\u2019aider \u00e0 se sentir en s\u00e9curit\u00e9 pendant la nuit.<\/p>\n<p data-start=\"1394\" data-end=\"1638\" data-is-last-node=\"\" data-is-only-node=\"\">\u00a0Pr\u00e9sent\u00e9e dans une jolie bo\u00eete, la veilleuse Zo\u00e9 constitue une excellente <strong data-start=\"1475\" data-end=\"1506\">id\u00e9e de cadeau de naissance<\/strong>. \u00c0 la fois utile, douce et \u00e9volutive, elle accompagne b\u00e9b\u00e9 d\u00e8s ses premiers jours et participe \u00e0 des nuits plus calmes et apais\u00e9es.<\/p>\n","protected":false},"excerpt":{"rendered":"<section class=\"text-token-text-primary w-full focus:outline-none [--shadow-height:45px] has-data-writing-block:pointer-events-none has-data-writing-block:-mt-(--shadow-height) has-data-writing-block:pt-(--shadow-height) [&amp;:has([data-writing-block])&gt;*]:pointer-events-auto [content-visibility:auto] supports-[content-visibility:auto]:[contain-intrinsic-size:auto_100lvh] R6Vx5W_threadScrollVars scroll-mb-[calc(var(--scroll-root-safe-area-inset-bottom,0px)+var(--thread-response-height))] scroll-mt-[calc(var(--header-height)+min(200px,max(70px,20svh)))]\" dir=\"auto\" data-turn-id=\"request-WEB:334e39e3-f015-4a7f-a7a5-24fcc405c7d6-18\" data-testid=\"conversation-turn-38\" data-scroll-anchor=\"false\" data-turn=\"assistant\">\n<div class=\"text-base my-auto mx-auto pb-10 [--thread-content-margin:var(--thread-content-margin-xs,calc(var(--spacing)*4))] @w-sm\/main:[--thread-content-margin:var(--thread-content-margin-sm,calc(var(--spacing)*6))] @w-lg\/main:[--thread-content-margin:var(--thread-content-margin-lg,calc(var(--spacing)*16))] px-(--thread-content-margin)\">\n<div class=\"[--thread-content-max-width:40rem] @w-lg\/main:[--thread-content-max-width:48rem] mx-auto max-w-(--thread-content-max-width) flex-1 group\/turn-messages focus-visible:outline-hidden relative flex w-full min-w-0 flex-col agent-turn\">\n<div class=\"flex max-w-full flex-col gap-4 grow\">\n<div class=\"min-h-8 text-message relative flex w-full flex-col items-end gap-2 text-start break-words whitespace-normal outline-none keyboard-focused:focus-ring [.text-message+&amp;]:mt-1\" dir=\"auto\" tabindex=\"0\" data-message-author-role=\"assistant\" data-message-id=\"194e3152-9ffd-4aee-910e-6780f075ba1f\" data-message-model-slug=\"gpt-5-3-mini\" data-turn-start-message=\"true\">\n<div class=\"flex w-full flex-col gap-1 empty:hidden\">\n<div class=\"markdown prose dark:prose-invert w-full wrap-break-word light markdown-new-styling\">\n<p data-start=\"0\" data-end=\"294\" data-is-last-node=\"\" data-is-only-node=\"\">La <strong data-start=\"3\" data-end=\"25\">veilleuse b\u00e9b\u00e9 Zo\u00e9<\/strong> est un <strong data-start=\"33\" data-end=\"52\">doudou lumineux<\/strong> 3-en-1 qui combine <strong data-start=\"72\" data-end=\"94\">veilleuse musicale<\/strong>, <strong data-start=\"96\" data-end=\"110\">projecteur<\/strong> et <strong data-start=\"114\" data-end=\"133\">bo\u00eete \u00e0 musique<\/strong>. Elle diffuse des <strong data-start=\"152\" data-end=\"171\">m\u00e9lodies douces<\/strong>, des <strong data-start=\"177\" data-end=\"194\">bruits blancs<\/strong> et des <strong data-start=\"202\" data-end=\"225\">lumi\u00e8res apaisantes<\/strong> pour accompagner b\u00e9b\u00e9 vers un <strong data-start=\"256\" data-end=\"276\">sommeil paisible<\/strong> d\u00e8s la naissance.<\/p>\n<\/div>\n<\/div>\n<\/div>\n<\/div>\n<div class=\"z-0 flex min-h-[46px] justify-start\"><\/div>\n<div class=\"mt-3 w-full empty:hidden\">\n<div class=\"text-center\"><\/div>\n<\/div>\n<\/div>\n<\/div>\n<\/section>\n<div class=\"pointer-events-none -mt-px h-px translate-y-[calc(var(--scroll-root-safe-area-inset-bottom)-14*var(--spacing))]\" aria-hidden=\"true\"><\/div>\n","protected":false},"featured_media":1000466,"comment_status":"open","ping_status":"closed","template":"","meta":[],"product_brand":[],"product_cat":[82],"product_tag":[],"class_list":{"0":"post-1000362","1":"product","2":"type-product","3":"status-publish","4":"has-post-thumbnail","6":"product_cat-bazille-et-zoe-lhippopotame","8":"first","9":"instock","10":"sale","11":"shipping-taxable","12":"purchasable","13":"product-type-simple"},"yoast_head":"<!-- This site is optimized with the Yoast SEO plugin v27.6 - https:\/\/yoast.com\/product\/yoast-seo-wordpress\/ -->\n<title>Veilleuse Zo\u00e9 - Babynat<\/title>\n<meta name=\"description\" content=\"D\u00e9couvrez la veilleuse b\u00e9b\u00e9 Zo\u00e9, un doudou lumineux avec musique, id\u00e9al pour apaiser b\u00e9b\u00e9 et favoriser un sommeil paisible d\u00e8s la naissance.\" \/>\n<meta name=\"robots\" content=\"index, follow, max-snippet:-1, max-image-preview:large, max-video-preview:-1\" \/>\n<link rel=\"canonical\" href=\"https:\/\/charming-moore.87-106-247-125.plesk.page\/index.php\/produit\/veilleuse-zoe-2\/\" \/>\n<meta property=\"og:locale\" content=\"fr_FR\" \/>\n<meta property=\"og:type\" content=\"article\" \/>\n<meta property=\"og:title\" content=\"Veilleuse Zo\u00e9 - Babynat\" \/>\n<meta property=\"og:description\" content=\"D\u00e9couvrez la veilleuse b\u00e9b\u00e9 Zo\u00e9, un doudou lumineux avec musique, id\u00e9al pour apaiser b\u00e9b\u00e9 et favoriser un sommeil paisible d\u00e8s la naissance.\" \/>\n<meta property=\"og:url\" content=\"https:\/\/charming-moore.87-106-247-125.plesk.page\/index.php\/produit\/veilleuse-zoe-2\/\" \/>\n<meta property=\"og:site_name\" content=\"Babynat\" \/>\n<meta property=\"article:modified_time\" content=\"2026-05-05T08:45:41+00:00\" \/>\n<meta property=\"og:image\" content=\"https:\/\/charming-moore.87-106-247-125.plesk.page\/wp-content\/uploads\/2026\/04\/BN6052.jpg\" \/>\n\t<meta property=\"og:image:width\" content=\"1350\" \/>\n\t<meta property=\"og:image:height\" content=\"1350\" \/>\n\t<meta property=\"og:image:type\" content=\"image\/jpeg\" \/>\n<meta name=\"twitter:card\" content=\"summary_large_image\" \/>\n<meta name=\"twitter:label1\" content=\"Dur\u00e9e de lecture estim\u00e9e\" \/>\n\t<meta name=\"twitter:data1\" content=\"2 minutes\" \/>\n<script type=\"application\/ld+json\" class=\"yoast-schema-graph\">{\"@context\":\"https:\\\/\\\/schema.org\",\"@graph\":[{\"@type\":\"WebPage\",\"@id\":\"https:\\\/\\\/charming-moore.87-106-247-125.plesk.page\\\/index.php\\\/produit\\\/veilleuse-zoe-2\\\/\",\"url\":\"https:\\\/\\\/charming-moore.87-106-247-125.plesk.page\\\/index.php\\\/produit\\\/veilleuse-zoe-2\\\/\",\"name\":\"Veilleuse Zo\u00e9 - Babynat\",\"isPartOf\":{\"@id\":\"https:\\\/\\\/charming-moore.87-106-247-125.plesk.page\\\/#website\"},\"primaryImageOfPage\":{\"@id\":\"https:\\\/\\\/charming-moore.87-106-247-125.plesk.page\\\/index.php\\\/produit\\\/veilleuse-zoe-2\\\/#primaryimage\"},\"image\":{\"@id\":\"https:\\\/\\\/charming-moore.87-106-247-125.plesk.page\\\/index.php\\\/produit\\\/veilleuse-zoe-2\\\/#primaryimage\"},\"thumbnailUrl\":\"https:\\\/\\\/charming-moore.87-106-247-125.plesk.page\\\/wp-content\\\/uploads\\\/2026\\\/04\\\/BN6052.jpg\",\"datePublished\":\"2026-04-17T14:21:47+00:00\",\"dateModified\":\"2026-05-05T08:45:41+00:00\",\"description\":\"D\u00e9couvrez la veilleuse b\u00e9b\u00e9 Zo\u00e9, un doudou lumineux avec musique, id\u00e9al pour apaiser b\u00e9b\u00e9 et favoriser un sommeil paisible d\u00e8s la naissance.\",\"breadcrumb\":{\"@id\":\"https:\\\/\\\/charming-moore.87-106-247-125.plesk.page\\\/index.php\\\/produit\\\/veilleuse-zoe-2\\\/#breadcrumb\"},\"inLanguage\":\"fr-FR\",\"potentialAction\":[{\"@type\":\"ReadAction\",\"target\":[\"https:\\\/\\\/charming-moore.87-106-247-125.plesk.page\\\/index.php\\\/produit\\\/veilleuse-zoe-2\\\/\"]}]},{\"@type\":\"ImageObject\",\"inLanguage\":\"fr-FR\",\"@id\":\"https:\\\/\\\/charming-moore.87-106-247-125.plesk.page\\\/index.php\\\/produit\\\/veilleuse-zoe-2\\\/#primaryimage\",\"url\":\"https:\\\/\\\/charming-moore.87-106-247-125.plesk.page\\\/wp-content\\\/uploads\\\/2026\\\/04\\\/BN6052.jpg\",\"contentUrl\":\"https:\\\/\\\/charming-moore.87-106-247-125.plesk.page\\\/wp-content\\\/uploads\\\/2026\\\/04\\\/BN6052.jpg\",\"width\":1350,\"height\":1350,\"caption\":\"Veilleuse b\u00e9b\u00e9 Zo\u00e9, doudou lumineux, hippopotame, nouveau-n\u00e9, boite \u00e0 musique\"},{\"@type\":\"BreadcrumbList\",\"@id\":\"https:\\\/\\\/charming-moore.87-106-247-125.plesk.page\\\/index.php\\\/produit\\\/veilleuse-zoe-2\\\/#breadcrumb\",\"itemListElement\":[{\"@type\":\"ListItem\",\"position\":1,\"name\":\"Accueil\",\"item\":\"https:\\\/\\\/charming-moore.87-106-247-125.plesk.page\\\/\"},{\"@type\":\"ListItem\",\"position\":2,\"name\":\"Boutique\",\"item\":\"https:\\\/\\\/charming-moore.87-106-247-125.plesk.page\\\/index.php\\\/boutique\\\/\"},{\"@type\":\"ListItem\",\"position\":3,\"name\":\"Veilleuse Zo\u00e9\"}]},{\"@type\":\"WebSite\",\"@id\":\"https:\\\/\\\/charming-moore.87-106-247-125.plesk.page\\\/#website\",\"url\":\"https:\\\/\\\/charming-moore.87-106-247-125.plesk.page\\\/\",\"name\":\"Babynat\",\"description\":\"\",\"potentialAction\":[{\"@type\":\"SearchAction\",\"target\":{\"@type\":\"EntryPoint\",\"urlTemplate\":\"https:\\\/\\\/charming-moore.87-106-247-125.plesk.page\\\/?s={search_term_string}\"},\"query-input\":{\"@type\":\"PropertyValueSpecification\",\"valueRequired\":true,\"valueName\":\"search_term_string\"}}],\"inLanguage\":\"fr-FR\"}]}<\/script>\n<!-- \/ Yoast SEO plugin. -->","yoast_head_json":{"title":"Veilleuse Zo\u00e9 - Babynat","description":"D\u00e9couvrez la veilleuse b\u00e9b\u00e9 Zo\u00e9, un doudou lumineux avec musique, id\u00e9al pour apaiser b\u00e9b\u00e9 et favoriser un sommeil paisible d\u00e8s la naissance.","robots":{"index":"index","follow":"follow","max-snippet":"max-snippet:-1","max-image-preview":"max-image-preview:large","max-video-preview":"max-video-preview:-1"},"canonical":"https:\/\/charming-moore.87-106-247-125.plesk.page\/index.php\/produit\/veilleuse-zoe-2\/","og_locale":"fr_FR","og_type":"article","og_title":"Veilleuse Zo\u00e9 - Babynat","og_description":"D\u00e9couvrez la veilleuse b\u00e9b\u00e9 Zo\u00e9, un doudou lumineux avec musique, id\u00e9al pour apaiser b\u00e9b\u00e9 et favoriser un sommeil paisible d\u00e8s la naissance.","og_url":"https:\/\/charming-moore.87-106-247-125.plesk.page\/index.php\/produit\/veilleuse-zoe-2\/","og_site_name":"Babynat","article_modified_time":"2026-05-05T08:45:41+00:00","og_image":[{"width":1350,"height":1350,"url":"https:\/\/charming-moore.87-106-247-125.plesk.page\/wp-content\/uploads\/2026\/04\/BN6052.jpg","type":"image\/jpeg"}],"twitter_card":"summary_large_image","twitter_misc":{"Dur\u00e9e de lecture estim\u00e9e":"2 minutes"},"schema":{"@context":"https:\/\/schema.org","@graph":[{"@type":"WebPage","@id":"https:\/\/charming-moore.87-106-247-125.plesk.page\/index.php\/produit\/veilleuse-zoe-2\/","url":"https:\/\/charming-moore.87-106-247-125.plesk.page\/index.php\/produit\/veilleuse-zoe-2\/","name":"Veilleuse Zo\u00e9 - Babynat","isPartOf":{"@id":"https:\/\/charming-moore.87-106-247-125.plesk.page\/#website"},"primaryImageOfPage":{"@id":"https:\/\/charming-moore.87-106-247-125.plesk.page\/index.php\/produit\/veilleuse-zoe-2\/#primaryimage"},"image":{"@id":"https:\/\/charming-moore.87-106-247-125.plesk.page\/index.php\/produit\/veilleuse-zoe-2\/#primaryimage"},"thumbnailUrl":"https:\/\/charming-moore.87-106-247-125.plesk.page\/wp-content\/uploads\/2026\/04\/BN6052.jpg","datePublished":"2026-04-17T14:21:47+00:00","dateModified":"2026-05-05T08:45:41+00:00","description":"D\u00e9couvrez la veilleuse b\u00e9b\u00e9 Zo\u00e9, un doudou lumineux avec musique, id\u00e9al pour apaiser b\u00e9b\u00e9 et favoriser un sommeil paisible d\u00e8s la naissance.","breadcrumb":{"@id":"https:\/\/charming-moore.87-106-247-125.plesk.page\/index.php\/produit\/veilleuse-zoe-2\/#breadcrumb"},"inLanguage":"fr-FR","potentialAction":[{"@type":"ReadAction","target":["https:\/\/charming-moore.87-106-247-125.plesk.page\/index.php\/produit\/veilleuse-zoe-2\/"]}]},{"@type":"ImageObject","inLanguage":"fr-FR","@id":"https:\/\/charming-moore.87-106-247-125.plesk.page\/index.php\/produit\/veilleuse-zoe-2\/#primaryimage","url":"https:\/\/charming-moore.87-106-247-125.plesk.page\/wp-content\/uploads\/2026\/04\/BN6052.jpg","contentUrl":"https:\/\/charming-moore.87-106-247-125.plesk.page\/wp-content\/uploads\/2026\/04\/BN6052.jpg","width":1350,"height":1350,"caption":"Veilleuse b\u00e9b\u00e9 Zo\u00e9, doudou lumineux, hippopotame, nouveau-n\u00e9, boite \u00e0 musique"},{"@type":"BreadcrumbList","@id":"https:\/\/charming-moore.87-106-247-125.plesk.page\/index.php\/produit\/veilleuse-zoe-2\/#breadcrumb","itemListElement":[{"@type":"ListItem","position":1,"name":"Accueil","item":"https:\/\/charming-moore.87-106-247-125.plesk.page\/"},{"@type":"ListItem","position":2,"name":"Boutique","item":"https:\/\/charming-moore.87-106-247-125.plesk.page\/index.php\/boutique\/"},{"@type":"ListItem","position":3,"name":"Veilleuse Zo\u00e9"}]},{"@type":"WebSite","@id":"https:\/\/charming-moore.87-106-247-125.plesk.page\/#website","url":"https:\/\/charming-moore.87-106-247-125.plesk.page\/","name":"Babynat","description":"","potentialAction":[{"@type":"SearchAction","target":{"@type":"EntryPoint","urlTemplate":"https:\/\/charming-moore.87-106-247-125.plesk.page\/?s={search_term_string}"},"query-input":{"@type":"PropertyValueSpecification","valueRequired":true,"valueName":"search_term_string"}}],"inLanguage":"fr-FR"}]}},"_links":{"self":[{"href":"https:\/\/charming-moore.87-106-247-125.plesk.page\/index.php\/wp-json\/wp\/v2\/product\/1000362","targetHints":{"allow":["GET"]}}],"collection":[{"href":"https:\/\/charming-moore.87-106-247-125.plesk.page\/index.php\/wp-json\/wp\/v2\/product"}],"about":[{"href":"https:\/\/charming-moore.87-106-247-125.plesk.page\/index.php\/wp-json\/wp\/v2\/types\/product"}],"replies":[{"embeddable":true,"href":"https:\/\/charming-moore.87-106-247-125.plesk.page\/index.php\/wp-json\/wp\/v2\/comments?post=1000362"}],"wp:featuredmedia":[{"embeddable":true,"href":"https:\/\/charming-moore.87-106-247-125.plesk.page\/index.php\/wp-json\/wp\/v2\/media\/1000466"}],"wp:attachment":[{"href":"https:\/\/charming-moore.87-106-247-125.plesk.page\/index.php\/wp-json\/wp\/v2\/media?parent=1000362"}],"wp:term":[{"taxonomy":"product_brand","embeddable":true,"href":"https:\/\/charming-moore.87-106-247-125.plesk.page\/index.php\/wp-json\/wp\/v2\/product_brand?post=1000362"},{"taxonomy":"product_cat","embeddable":true,"href":"https:\/\/charming-moore.87-106-247-125.plesk.page\/index.php\/wp-json\/wp\/v2\/product_cat?post=1000362"},{"taxonomy":"product_tag","embeddable":true,"href":"https:\/\/charming-moore.87-106-247-125.plesk.page\/index.php\/wp-json\/wp\/v2\/product_tag?post=1000362"}],"curies":[{"name":"wp","href":"https:\/\/api.w.org\/{rel}","templated":true}]}}